Let x be (-9)/(-3)*(-6)/9. Determine h(x).
-10
Let n(y) be the third derivative of 9*y**2 - 1/10*y**5 + 0*y + 0*y**4 + 1/2*y**3 + 0 - 1/120*y**6. Let c = -1 + -5. What is n(c)?
3
Let x(l) = l**3 + 9*l**2 + 9*l - 7. Let v be 40/6*24/(-20). Calculate x(v).
-15
Let z(d) be the first derivative of -d**4/4 - 13*d**3/3 + d**2/2 + 17*d + 469. Calculate z(-13).
4
Let m(x) = -4*x**3 + 4*x**2 + 35. Let r(j) = -j**3 + j**2 + 9. Let p(f) = 2*m(f) - 9*r(f). Suppose -5*a = -2*q - 19 + 11, -3*a = 5*q + 20. Calculate p(a).
-11
Let r(o) = -9*o + 3. Suppose 4*t = 4, -6*t = -3*m - 2*t - 13. Give r(m).
30
Suppose 3*l = -2*t - t - 9, t = -2. Let o(d) = -14*d**2 - 2*d - 1. What is o(l)?
-13
Let m(i) = -2*i**2 + 22*i + 29. Let d be m(12). Let c(k) = -1 + 4 - 4*k**2 + 4*k + 3*k**2. What is c(d)?
-2
Let q(p) = -p**3 + 6*p**2 - 7. Let v(s) = -28*s - 107. Let i be v(-4). Give q(i).
18
Let g = 108 + -97. Suppose -17 = 4*q + 3*k, 2*q + g = -0*k - k. Let v(y) = -y**2 - 8*y - 6. Determine v(q).
-6
Let s(m) = m**3 - 17*m**2 + 17*m - 15. Let x = 36 - 20. Let c be s(x). Let w(a) = -a - c + 3*a**3 + 6*a - 5*a. Give w(1).
2
Suppose 3*z - 1 = 2*u, 2*z + 2*u - 3 = u. Let x(f) = 2 + 14*f - 21*f + 10*f + f**2 + z. Calculate x(-4).
7
Suppose 35 = -2*j + 53. Let g(c) = -j - 12 + 0*c + 0*c - c. What is g(0)?
-21
Let c(b) = 2*b**2 - 6*b + 3. Let o = 100 + -96. Determine c(o).
11
Let c = 5229/4 + -1307. Let j(a) be the first derivative of -3/2*a**2 + 7 + 4/3*a**3 - 3*a - c*a**4. Determine j(3).
-3
Let l(s) = 3*s**3 + 3*s + 2. Suppose -41*q - 3 - 38 = 0. Calculate l(q).
-4
Let g(n) = -n**2 - 13*n + 5. Let w be g(-14). Let r(l) = -l**2 - 11*l - 7. What is r(w)?
11
Let h be (0 - 4)*(-15)/(-2). Let a = h - -32. Let y(p) = -18*p**a + 14*p**2 - 2*p + 0 + 1. Calculate y(1).
-5
Let f(i) = -4*i - 8*i**2 + i**3 + 7 + 0*i**3 + 12*i**2. Let v be (-1)/(5/100*4). Give f(v).
2
Let x(c) be the first derivative of -c**3/3 - 5*c**2/2 + 3. Suppose 3*m + 4*l + 10 = 0, -3*m + l - 10 = 10. What is x(m)?
-6
Let a(w) = -w**2 + 4*w + 7. Let v be (6/21 - (-46)/(-14)) + 23. Let h = 26 - v. Calculate a(h).
-5
Let p(b) = -2*b**2 - 41*b + 261. Let k be p(5). Let x(y) = -y**3 + 6*y**2 - 2*y - 17. What is x(k)?
-29
Let f(m) = -9*m + 10*m - 2*m - 262*m**3 - 9 + m**2 + 261*m**3. Let w(y) = y**3 + 8*y**2 + 6*y - 7. Let n be w(-7). What is f(n)?
-9
Let o(j) = -7*j + 19 + j**2 + 6*j - 24*j. Let n be o(24). Let h(x) = -x**2 - 4*x - 1. Give h(n).
-6
Let v(f) be the first derivative of -f**3/3 + 2*f**2 + 3*f - 15. Let l(y) = -y**3 + 2*y**2 + 9*y. Let u be l(4). Determine v(u).
3
Let r be -2*(-2)/6*(-54)/12. Let f(g) = g**2 + 2*g + 4. Calculate f(r).
7
Let o(t) = -2*t. Let a = -17 + 6. Let f(q) = q + 11. Let i be f(a). Suppose -2*y - 3*y + 5 = i. Calculate o(y).
-2
Let v(n) = 3*n - 28. Let s(o) = 6*o - 58. Let h(q) = 6*s(q) - 13*v(q). Determine h(9).
-11
Let t = -23 - -42. Let v = t - 23. Let p(a) = -a - 3. Give p(v).
1
Let d(y) = -9*y**2 + 2 + 10*y**3 - 11*y**3 + 7*y**2 + 1 - 2*y**2 + y. Give d(-5).
23
Let d(u) = 8*u + 3 - 4 + 2. Let h be d(1). Let l(w) = -h*w**2 + 0*w - 1 - w + 0 + 2. Give l(1).
-9
Let b(f) be the first derivative of -f**4/4 + 8*f**3/3 - 3*f**2/2 + 4*f + 156. Determine b(7).
32
Let b(h) = 2*h**3 + 2*h - 2. Let c be (-1080)/(-2430)*9*(-2)/(-4). Determine b(c).
18
Let p(x) = 5*x - 24. Let y(i) = -2*i**3 + 11*i**2 + 4*i + 16. Let k be y(6). Give p(k).
-4
Let t(b) = -3*b + 62. Let j(f) = f - 14. Let o(a) = -6*j(a) - t(a). Give o(8).
-2
Let w(z) = -3*z + 7*z - 4*z - 14 - 3*z**2. Let t(r) = -r**3 + 3*r**2 - 2*r + 1. Let y be t(2). Let f(p) = -p**2 - 1. Let q(n) = y*w(n) - 2*f(n). Give q(0).
-12
Let j be 5 - 4 - 0/(-1). Let z(x) be the first derivative of -x**5/10 - x**4/24 + x**3/6 - 8*x**2 + 3. Let q(y) be the second derivative of z(y). Give q(j).
-6
Let g(s) = 2*s + 14. Let a be ((-25)/3)/((-790)/474). What is g(a)?
24
Let m be ((-16)/(-10))/((-16)/(-40)). Suppose -m*y = -o + 2, o + y = -4*y - 7. Let s(u) = -5*u - 1. Determine s(o).
9
Let a(j) = 11*j + 15. Let y(k) = -4*k - 6. Let b(f) = -3*a(f) - 8*y(f). Let d(s) = 3*s + 2. Let z be d(-3). Give b(z).
10
Let b(w) = w**3 - 5*w**2 - 3*w - 5. Suppose 18 = 6*c - 0. Suppose c*p - p - 4 = 0. Suppose p*g = -5*l + 32, -2*l - 2*g = -g - 13. Give b(l).
13
Let k(q) = 11*q + 1. Let f be (-3)/(6 + (-18)/2). Calculate k(f).
12
Let n(t) = t - t**2 - 4*t - 3*t + 3 + 5. Determine n(-6).
8
Let d(s) be the second derivative of 0*s**2 - 1/4*s**4 - 1/120*s**5 + 0 + 1/3*s**3 - 9*s. Let f(z) be the second derivative of d(z). Calculate f(-8).
2
Let z(b) = -b + 10. Let g = 6 - 1. Suppose -g*p + 11 = -24. Suppose -4*r = -p*r. Determine z(r).
10
Let d(z) = z**2 + 2*z - 1. Let h be -8*(1 - (-3)/(-2)). Suppose 0 = 2*a - h + 12. Let y(c) = c**2 + 3*c - 6. Let f be y(a). Determine d(f).
-1
Let k(d) be the first derivative of 5*d**2/2 + 101*d + 87. Calculate k(-21).
-4
Let u(m) be the third derivative of m**6/120 + m**5/30 + m**4/24 + m**3/3 - 91*m**2. Calculate u(-3).
-10
Let g(w) = -5*w**2 + 8*w - 2. Let i(x) = -9*x**2 + 6*x - 6. Let a(t) = -19*t**2 + 11*t - 13. Let h(y) = 3*a(y) - 7*i(y). Let s(u) = 5*g(u) + 4*h(u). Give s(3).
5
Let d = 1 + -1. Let t(g) = g**2 + g - g - 2*g**2 - 1375*g**3 + 1376*g**3. What is t(d)?
0
Let t(b) = -b**2 - b + 2. Let r(i) = 3*i**2 + 3*i + 5. Let u(a) = r(a) + 2*t(a). Determine u(0).
9
Let p be (17 + -19)/((-10)/(-85)). Let j(k) = 2*k + 29. Determine j(p).
-5
Suppose 2*k + 2*j = 3*j + 3, -11 = -5*k - j. Let c(u) = 99*u**k + 3 - 91*u**2 + 3*u - 2*u - 2. Calculate c(-1).
8
Suppose 13 = -4*a - 3, 4*d - 4*a = 44. Let b be (-11)/(-1) + (-1)/(-1)*2. Let j(h) = b + 11 + 12 + 7*h**2 - h**3 - 29. What is j(d)?
7
Let v(g) = -g. Let a(h) = -5*h**2 - 3*h. Let q(d) = -a(d) + 4*v(d). Calculate q(2).
18
Suppose 5*v = 2*f + 13, -8 = 2*f - v - 3*v. Let o(x) = -x**3 + x**2 + 7*x - 9. Let u(t) = t - 1. Let q(d) = f*u(d) - o(d). What is q(0)?
3
Let m(c) be the first derivative of -c**2/2 - 5*c - 54. Determine m(-5).
0
Suppose x - 4*h + 16 = -x, -29 = -2*x - 5*h. Let w(f) = -2*f + 1315 - 3*f**2 - 1317 + 4*f**2 + 2*f**2. Give w(x).
6
Suppose 3*v = c + 1 - 5, -16 = -5*v - 4*c. Let x(n) = -11*n**2 + v*n + 1 - 2*n - 5 + 3. Give x(-1).
-10
Suppose 5*s = 7 + 28. Let d(g) = -9 + s + 4*g + 0*g - 3*g. Calculate d(-8).
-10
Suppose 5*i = 7*i - 10. Let w(f) be the second derivative of -f**4/12 + 3*f**2 - 2178*f. Calculate w(i).
-19
Let q(m) = -m**3 + 7*m**2 - 7*m + 3. Let n = 32 + -23. Let z = n + -3. What is q(z)?
-3
Let a(b) = -2*b - 150. Let y(u) = 75. Let f(n) = -3*a(n) - 5*y(n). Give f(-12).
3
Let z be (-14)/63 - 336/(-54). Let c(n) = 4*n - 12. What is c(z)?
12
Suppose -4*a = -8*a. Suppose a = 6*f - 11*f. Let i(y) = 2 - 5*y**2 - y**3 - 4 + 3 + f - 4*y. Calculate i(-4).
1
Let n(d) = -d**3 + 12*d**2 - 9. Let o(k) = k**3 - 26*k**2 + 3*k - 66. Let t be o(26). Determine n(t).
-9
Let y be (44/33)/(2/(-3)). Let c = y + 7. Suppose c*l = 2*m + 32, 4*m = -2*l - 3*l + 26. Let k(h) = -h**3 + 5*h**2 + 7*h + 4. Calculate k(l).
10
Let y = 129 - 127. Let z(t) = -t + y*t - 2 + 26 - 10. What is z(-6)?
8
Let i(f) = -f**2 - 6*f + 10. Suppose 22*k = 14*k - 576. Let t = k - -64. Calculate i(t).
-6
Let b(l) = 4*l**2 + 5*l - 8. Let g(n) = -7*n**2 - 10*n + 16. Let m(y) = 5*b(y) + 3*g(y). Suppose 2*z = -3*a - 11, 7*z + 20 = 11*z. Determine m(a).
-6
Let w(z) = z**3 - 6*z**2 - 5*z - 7. Let b(s) = -2*s**3 + 14*s**2 + s. Let h be b(7). Calculate w(h).
7
Let l(k) = -3*k**2 - k. Let d be ((-12)/(-15))/((-10)/(-25)). Suppose -4*z = 5*n - 2 + 31, 3*n + 17 = -d*z. Calculate l(z).
-2
Let z(u) = -4*u**2 - 8*u - 4. Let a be 2*(161/14 + -13). Determine z(a).
-16
Let k(q) = q**2 + 4*q**2 - 13*q - 6*q**2 - 23 - 2*q. Let u be k(-13). Let s(y) = -3*y - 3. Determine s(u).
-12
Let i(c) = -4*c**2 + 4*c - 3. Let s(t) = 5*t**2 + 6*t**2 - 13*t**2 + 3*t**2 + 1. Let a(h) = -i(h) - 5*s(h). What is a(-4)?
-2
Let r(o) = -3*o - 2 + 0 + 2*o. Let k = -3499 - -3505. Determine r(k).
-8
Let f(i) = i**3 - 5*i**2 + 3*i + 4. Suppose 4*x - 6 = 10. Suppose -17 = -x*q - 5. Let u be 0/q - 12/(-3). Give f(u).
0
Let x(b) = b + 2. Suppose 0 = -0*c - 2*c - 5*z + 9, z = 4*c - 7. Let m(u) = 1 - 3*u**2 + 2*u**c + u - 5*u**2 + 3 - u**3. Let t be m(-6). What is x(t)?
0
Let z(u) = -3*u**3 - 13*u**2 - u + 4. Let c(h) = -h**3 - 4*h**2 + 1. Let a(o) = 11*c(o) - 4*